+ 1 = 0. Determine o(p).
-4
Let d be 14/(-35) + (-24)/(-10). Let i(a) = 2*a**2 - a**2 - 1 + 10*a**d + 2*a. Calculate i(1).
12
Let k be 4/8 - 45/10. Let a(v) = -v**3 - 3*v**2 + 3*v - 4. Give a(k).
0
Let g be 7*(8/(-7))/(-2). Suppose 4*n = 3*b + 35 - 3, -3*b - g*n = -8. Let l(u) = u + 7. Determine l(b).
3
Let t(g) = 9*g**2 + 19*g + 12. Let l(y) = 5*y**2 + 10*y + 6. Let n(o) = 7*l(o) - 4*t(o). Calculate n(-4).
2
Let a(b) = 12*b + 6. Let g(s) = -8*s - 4. Let x be (-10)/5*(-5)/2. Let p(c) = x*a(c) + 7*g(c). Let d = -2 - 0. Give p(d).
-6
Let o(y) = -2*y + 5. Suppose -2*u + 21 = 3*i - u, 0 = -u. Calculate o(i).
-9
Let c(k) = k. Suppose 3*g - 6*g + 9 = 0. Suppose -1 = g*d + 2. Give c(d).
-1
Suppose -3*l + 17 = -v - 4*v, -5*l + 21 = -v. Let k(h) = -h**2 - h + 1. What is k(v)?
1
Suppose 15 = -5*p + 10*p. Let j(q) = -3*q**2 - 3 - 2*q + 2*q**3 - q**3 + 5*q. Let l(v) = -v**3 + 3*v**2 - 3*v + 3. Let f(o) = -4*j(o) - 3*l(o). Determine f(p).
-6
Let a(j) = 2*j + j - 2*j + 11 + j**2. Let w be (-384)/21 - (-8)/28. Let g = 18 + w. What is a(g)?
11
Let g = 2 - 6. Let j(t) = -t**2 - 3*t + 4. Let r be j(g). Suppose r*z = 4*p - 2*z - 18, z = -5*p + 5. Let w(u) = -u + 4. What is w(p)?
2
Suppose 0 = 6*t + 4*t - 20. Let j(u) = -2*u**2 + 3*u - 3. What is j(t)?
-5
Let t(k) = k - 6*k - k**2 + 3*k - 4*k + 2. Let i be t(-7). Let r(g) = 2*g + 2. Let a(n) = 1. Let p(y) = -5*a(y) - r(y). Give p(i).
3
Let h(n) = n**2 - 2*n - 2. Let r be (1 + (-1 - 0))/3. Suppose r = q - 0*q - 5. Let d be q/1 + (-3)/1. Determine h(d).
-2
Suppose -5*u + 1 = 3*j - 48, -j + 11 = u. Let v(q) = 2 - 2*q - u - 1 + q. Determine v(-5).
-2
Suppose 2*m + 5*n = 0, 6*m + 3*n = 2*m. Let w be 1 + m + 0 + 5. Suppose -i = -w*i. Let s(b) = -b**2 - 7. Give s(i).
-7
Let s be 5/1*(0 + (-4)/10). Let z(f) be the third derivative of f**6/120 + f**5/60 - f**4/12 - f**3/2 + f**2. Calculate z(s).
-3
Let z be (2 + -2)/(-1) + -3. Let d be -2 + (-7)/3*z. Let h(r) = -2*r**3 + d - 5*r**2 + 2*r**3 + r**3. Give h(5).
5
Let w(b) = 3 + b**3 + 0*b**3 - b**2 + 4. Suppose 0 = 4*x + 12, r - 5*x = 5*r + 19. Let l = r - -1. Give w(l).
7
Let d(h) = 1 - h - 9*h**2 + 3*h**2 + 3*h**2 - h**3. Calculate d(-3).
4
Let d(f) = f**2 + 5*f. Let n be 21/(-9) + 2/6. Let m be n/8 - 19/4. What is d(m)?
0
Let i(f) = -f + 4. Suppose 2*j + 5*b + 6 = -0*b, 5*j = -b - 15. Calculate i(j).
7
Let o = 3 - 4. Let w be ((-4)/o - 2)*1. Let t(r) = -r**3 + 4*r**2 - 1. Give t(w).
7
Let w(o) = -o + 6. Suppose 2*t - 2*p + 3*p - 10 = 0, 0 = -2*t - 2*p + 10. Let s be 1*(t + 0 + 0). What is w(s)?
1
Let p(x) be the third derivative of x**5/15 - x**4/24 - x**3/6 - 2*x**2. Let u be p(-1). Let n(c) = -u*c + c + c. What is n(-2)?
4
Let d(f) = -11*f**3 - f**2 + f + 1. Suppose 0 = h + 3 - 0. Let m = -4 - h. Let z be (-5)/4 + m/(-4). Give d(z).
10
Let g be ((-6)/(-5))/(16/40). Suppose 2*o - g = 9. Let u(i) = i**2 - 8*i + 5. Calculate u(o).
-7
Suppose 0 = 5*m - 5*w - 20, 0 = -3*m + w + w + 15. Let o(y) = y**3 - 8*y**2 + 5*y - 1. What is o(m)?
-15
Suppose -25 + 7 = -3*y. Let t(w) = -w + 5. Calculate t(y).
-1
Let r(f) be the first derivative of f**4/4 + 8*f**3/3 + 5*f**2/2 - 8*f + 25. Calculate r(-7).
6
Let n(j) = -j + 1. Let q = 5 - 2. Let b = -8 + q. Calculate n(b).
6
Let z(n) = 3*n + 17. Let x be z(-4). Suppose 0 = -2*d, j + 2*d + 0 - 2 = 0. Let b(y) = y - 1 - 3 - j*y. Give b(x).
-9
Let n(q) = 35*q**3 + q**2 + q + 1. Let m(d) = -2*d**2 - 16*d - 15. Let y be m(-7). Determine n(y).
-34
Let t(f) be the second derivative of 2/3*f**3 + 1/2*f**2 + 0 + f. Calculate t(-1).
-3
Suppose -2 + 7 = -5*n. Let m be (-1)/n*(-2)/(-2). Let u(y) be the third derivative of y**4/4 - y**3/6 + y**2. Determine u(m).
5
Let s(t) = -1 + 9*t**2 - 6*t**2 - 2*t**2 + 3*t - 5*t. What is s(3)?
2
Let z(d) = d - 1. Suppose 4*b + b = 3*r + 9, 0 = -r - 3*b + 11. Calculate z(r).
1
Let j(c) = c**2 - 6*c + 7. Let v(z) = 2*z**2 - 4*z. Let x be v(3). Calculate j(x).
7
Let t = -3 + 7. Suppose -3*s - 8 = -s - 4*r, 19 = t*s - r. Let v(u) = u**3 - 6*u**2 - 2. Calculate v(s).
-2
Let v(f) be the first derivative of -f**3/3 - f**2/2 - 1. Suppose 0*y - 3 = -2*z - y, 3*z = -3*y + 6. Determine v(z).
-2
Let k(i) = 3*i - i + 0*i - 3*i + 5. Calculate k(7).
-2
Suppose 3*s = -6, 8*k = 9*k + 5*s + 5. Let p(y) be the first derivative of y**4/4 - 2*y**3 + 3*y**2 - 1. What is p(k)?
5
Let s(f) = -f**3 + f**2 + 2*f - 3. Suppose 3*u - c = c + 14, 2*c + 12 = 2*u. Calculate s(u).
-3
Let d(u) = u - 19*u**3 - u - 1 + 2*u + 15*u**3. Calculate d(1).
-3
Let a(t) = t**2 + 8 + 8*t + 2 - 7. Give a(-5).
-12
Let r be 10/20*-1*2. Let a(l) = -9*l**3. Determine a(r).
9
Let a be (-2)/(-8) + (-94)/(-8). Suppose 4*x - a = 2*t, t - 3*t = 4*x - 4. Let u(q) = q**x + 3*q**2 - 2*q - 2*q**2 + 1. Calculate u(1).
1
Suppose -7*s - 1 = -6*s. Let d(p) = p - 2. Let o be d(3). Let q(b) = 9*b**3 + 2*b**2 - 3. Let h(r) = -r**2 + 1. Let g(z) = o*q(z) + 4*h(z). Give g(s).
-10
Let q(h) = -h**3 + h**2 + h. Let y(c) = -22*c**3 + 4*c**2 + 5*c. Let z(t) = 5*q(t) - y(t). Determine z(-1).
-16
Let l(b) = b**3 - 7*b**2 + 7. Let k be l(7). Let d(p) = p**2 - 8*p + 8. Let u be d(k). Let q(y) = -y**2 + 6*y - u - 4*y - 4*y**3 - 3*y. Calculate q(-1).
3
Suppose 5*n = 7*n + 5*p + 20, 0 = -p. Let j(f) = f + 10. What is j(n)?
0
Let o(x) = x**2 + 4. Suppose 3*d - 4*w - 27 = 0, 2*d + 3 = -4*w + 1. Suppose f + 2*f - d*h = 10, 2*h + 4 = 3*f. Let m = f - 0. What is o(m)?
4
Let d be ((-4)/3)/((-2)/(-3)). Suppose m - 5*m = 8. Let w be (-1 - (d + 3))*m. Let s(c) = 2*c - 6. Give s(w).
2
Let t(y) = -3*y + 7. Let g(a) = 1. Let m(l) = 3*l + 3. Let u be m(-8). Let q(j) = u*g(j) + 3*t(j). What is q(1)?
-9
Let h(w) = -6*w**3 + w**2. Let f(g) = g**3 + 5*g**2 + 3*g - 2. Let r be f(-4). Suppose 0 = -0*n + r*n - 2. Determine h(n).
-5
Let t be 15/45 + (-13)/3. Let c(g) = -g**2 - 3*g - 3. Give c(t).
-7
Let w(t) = t**3 - 8*t**2 - t + 6. Let l = 46 - 38. Calculate w(l).
-2
Let r(j) = -2*j**2 - 4*j + 3. Let a = -136 + 132. Determine r(a).
-13
Let a(w) = w**3 - 7*w**2 + 5. Let y be a(7). Let i(f) be the second derivative of 2*f**2 + 0 - 1/6*f**3 - f - 5/12*f**4 + 1/20*f**5. What is i(y)?
-1
Suppose 4 - 9 = -5*p. Let u(o) = -5 + 3*o + 0*o - 4*o - p. Let t = -2 - 3. What is u(t)?
-1
Let r(n) = -7*n**2 + 14*n - 4. Let z(c) = 3*c**2 - 7*c + 2. Let d(v) = 2*r(v) + 5*z(v). Give d(7).
2
Let g(n) be the first derivative of 0*n - 3 - n**2 + 1/24*n**4 - 1/60*n**5 + 0*n**3. Let h(w) be the second derivative of g(w). Determine h(-2).
-6
Let f(b) = -6*b. Let i be (2 - (2 + -5))*6/(-15). What is f(i)?
12
Let y(n) = -2*n**2 + 5*n - 4. Suppose -4*f + f + 18 = 0. Suppose 2*p = f*p - 36. Suppose 4*t - t = p. Give y(t).
-7
Let b(z) = -z**3 + 8*z**2 - z + 1. Let v be b(8). Let k(f) = -f**2 - 7*f + 6. Calculate k(v).
6
Let s(w) = w + 4. Let o be (-22)/(1 - (-10)/(-6)). Let r = 46 - o. Let z = -18 + r. Calculate s(z).
-1
Let u(z) = -z**2 + 6*z - 3. Let a(c) = c**2 - 3*c - 5. Let r(t) = -2*t - 5. Let h be r(-7). Suppose 5*i = 34 - h. Let k be a(i). Calculate u(k).
2
Let b(u) = 6*u - 7. Let k(x) = -6*x + 6. Let w(q) = -5*b(q) - 6*k(q). Let c be w(1). Let z(o) = o**3 - 6*o**2 + 5*o + 6. What is z(c)?
6
Let j = 13 + -3. Let h be j/45 + (-76)/18. Let z(d) = d**3 + 5*d**2 + 4*d - 1. Determine z(h).
-1
Let o(x) = -x**2 - 5*x + 1. Suppose -3*h = 6 + 12. Let t be o(h). Let k(u) = -1 + u + 4*u - 5*u + u. What is k(t)?
-6
Suppose -3*w + 3 + 3 = 0. Suppose 20 = -2*y - w*y. Let x(h) = 5*h - 3*h - 1 - 3*h. Calculate x(y).
4
Let r(y) = -2*y**2 - 3*y - 1. Let c = 15 - 11. Let s(o) = -o + 6. Let f be s(3). Suppose -z = -2*m - 3, 5 = -f*m - c. Determine r(z).
-10
Let j(i) be the second derivative of i**3/2 + i**2 + 30*i. Give j(4).
14
Let t(p) = -p**3 + 2*p**2 + 3*p. Let z(k) = 3*k**3 - 5*k**2 - 8*k - 1. Let g(h) = 7*t(h) + 2*z(h). Give g(5).
-2
Let n(k) = k**3 + 2*k**2 - 1. Let u be n(-1). Suppose -4*b + 2*b + 18 = u. Let s(d) = 0 + b*d - 2*d + 1 + 0*d. Determine s(1).
8
Let a(n) = -1 + n - 2 + 1. Let u be (3 - 5) + -1 + 3. Suppose u = -2*z - 7 + 1. Determine a(z).
-5
Let i be 3 - -2*(-9)/(-6). Let x(w) = w**2 - 7*w + 1. Let b be x(i). Let s = 1 + b. Let o(r) = r**3 + 4*r**2 + r. Calculate o(s).
-4
Let g be (-22)/6 - (-1)/(-3). Let u(l) = -2*l + 9. Let o(i) = i - 8. Let d(x) = g*u(x) - 5*o(x). Suppose 14 = -4*z - 5*f - 18, 3*z + 21 = -3*f. Calculate d(z).